{"id":966,"date":"2020-10-21T11:57:25","date_gmt":"2020-10-21T15:57:25","guid":{"rendered":"https:\/\/cepas.qc.ca\/boutique\/?page_id=966"},"modified":"2020-12-11T09:54:06","modified_gmt":"2020-12-11T14:54:06","slug":"accueil-boutique","status":"publish","type":"page","link":"https:\/\/cepas.qc.ca\/boutique\/","title":{"rendered":"Accueil boutique"},"content":{"rendered":"\t\t<div data-elementor-type=\"wp-page\" data-elementor-id=\"966\" class=\"elementor elementor-966\" data-elementor-post-type=\"page\">\n\t\t\t\t\t\t<section class=\"elementor-section elementor-top-section elementor-element elementor-element-cf294d7 elementor-section-boxed elementor-section-height-default elementor-section-height-default\" data-id=\"cf294d7\" data-element_type=\"section\">\n\t\t\t\t\t\t<div class=\"elementor-container elementor-column-gap-default\">\n\t\t\t\t\t<div class=\"elementor-column elementor-col-100 elementor-top-column elementor-element elementor-element-0ec56fa\" data-id=\"0ec56fa\" data-element_type=\"column\">\n\t\t\t<div class=\"elementor-widget-wrap elementor-element-populated\">\n\t\t\t\t\t\t<div class=\"elementor-element elementor-element-6865235 elementor-widget elementor-widget-jet-listing-grid\" data-id=\"6865235\" data-element_type=\"widget\" data-widget_type=\"jet-listing-grid.default\">\n\t\t\t\t<div class=\"elementor-widget-container\">\n\t\t\t<div class=\"jet-listing-grid jet-listing\"><div class=\"jet-listing-grid__items grid-col-desk-1 grid-col-tablet-3 grid-col-mobile-3 jet-listing-grid--837\"  data-nav=\"{&quot;enabled&quot;:false,&quot;type&quot;:null,&quot;more_el&quot;:null,&quot;query&quot;:[],&quot;widget_settings&quot;:{&quot;lisitng_id&quot;:&quot;837&quot;,&quot;posts_num&quot;:8,&quot;columns&quot;:1,&quot;columns_tablet&quot;:3,&quot;columns_mobile&quot;:3,&quot;is_archive_template&quot;:&quot;&quot;,&quot;post_status&quot;:[&quot;publish&quot;],&quot;use_random_posts_num&quot;:&quot;&quot;,&quot;max_posts_num&quot;:9,&quot;not_found_message&quot;:&quot;No data was found&quot;,&quot;is_masonry&quot;:false,&quot;equal_columns_height&quot;:&quot;&quot;,&quot;use_load_more&quot;:&quot;&quot;,&quot;load_more_id&quot;:&quot;&quot;,&quot;load_more_type&quot;:&quot;click&quot;,&quot;use_custom_post_types&quot;:&quot;&quot;,&quot;custom_post_types&quot;:[],&quot;hide_widget_if&quot;:&quot;&quot;,&quot;carousel_enabled&quot;:&quot;&quot;,&quot;slides_to_scroll&quot;:&quot;1&quot;,&quot;arrows&quot;:&quot;true&quot;,&quot;arrow_icon&quot;:&quot;fa fa-angle-left&quot;,&quot;dots&quot;:&quot;&quot;,&quot;autoplay&quot;:&quot;true&quot;,&quot;autoplay_speed&quot;:5000,&quot;infinite&quot;:&quot;true&quot;,&quot;effect&quot;:&quot;slide&quot;,&quot;speed&quot;:500,&quot;inject_alternative_items&quot;:&quot;&quot;,&quot;injection_items&quot;:[],&quot;scroll_slider_enabled&quot;:&quot;&quot;,&quot;scroll_slider_on&quot;:[&quot;desktop&quot;,&quot;tablet&quot;,&quot;mobile&quot;],&quot;_element_id&quot;:&quot;&quot;}}\" data-page=\"1\" data-pages=\"1\" data-listing-source=\"posts\"><style>.elementor-837 .elementor-element.elementor-element-bc4ad2c > .elementor-container{max-width:1025px;}.elementor-837 .elementor-element.elementor-element-bc4ad2c{margin-top:0px;margin-bottom:0px;padding:0px 0px 0px 0px;}.elementor-837 .elementor-element.elementor-element-267d05e:not(.elementor-motion-effects-element-type-background) > .elementor-widget-wrap, .elementor-837 .elementor-element.elementor-element-267d05e > .elementor-widget-wrap > .elementor-motion-effects-container > .elementor-motion-effects-layer{background-position:center center;background-repeat:no-repeat;background-size:cover;}.elementor-837 .elementor-element.elementor-element-267d05e > .elementor-element-populated{transition:background 0.3s, border 0.3s, border-radius 0.3s, box-shadow 0.3s;}.elementor-837 .elementor-element.elementor-element-267d05e > .elementor-element-populated > .elementor-background-overlay{transition:background 0.3s, border-radius 0.3s, opacity 0.3s;}.elementor-837 .elementor-element.elementor-element-a9d4380{--spacer-size:50px;}.elementor-837 .elementor-element.elementor-element-0bedc2c:not(.elementor-motion-effects-element-type-background) > .elementor-widget-wrap, .elementor-837 .elementor-element.elementor-element-0bedc2c > .elementor-widget-wrap > .elementor-motion-effects-container > .elementor-motion-effects-layer{background-color:#FFFFFF;}.elementor-837 .elementor-element.elementor-element-0bedc2c > .elementor-element-populated{transition:background 0.3s, border 0.3s, border-radius 0.3s, box-shadow 0.3s;margin:0px 5px 0px 5px;--e-column-margin-right:5px;--e-column-margin-left:5px;padding:25px 25px 25px 25px;}.elementor-837 .elementor-element.elementor-element-0bedc2c > .elementor-element-populated > .elementor-background-overlay{transition:background 0.3s, border-radius 0.3s, opacity 0.3s;}.elementor-837 .elementor-element.elementor-element-24628d4 .elementor-heading-title{font-size:1.3em;font-weight:400;text-transform:uppercase;}.elementor-837 .elementor-element.elementor-element-dd52ba3{font-family:\"Montserrat\", Sans-serif;}.elementor-837 .elementor-element.elementor-element-3469d5b{font-size:0.8em;}.elementor-837 .elementor-element.elementor-element-3469d5b > .elementor-widget-container{margin:20px 0px 0px 0px;}.elementor-837 .elementor-element.elementor-element-0c0bf58{--divider-border-style:solid;--divider-color:var( --e-global-color-accent );--divider-border-width:5px;}.elementor-837 .elementor-element.elementor-element-0c0bf58 .elementor-divider-separator{width:110px;}.elementor-837 .elementor-element.elementor-element-0c0bf58 .elementor-divider{padding-block-start:2px;padding-block-end:2px;}.elementor-837 .elementor-element.elementor-element-0c0bf58 > .elementor-widget-container{margin:10px 0px 5px 0px;}.elementor-bc-flex-widget .elementor-837 .elementor-element.elementor-element-2457576.elementor-column .elementor-widget-wrap{align-items:center;}.elementor-837 .elementor-element.elementor-element-2457576.elementor-column.elementor-element[data-element_type=\"column\"] > .elementor-widget-wrap.elementor-element-populated{align-content:center;align-items:center;}.elementor-837 .elementor-element.elementor-element-2457576.elementor-column > .elementor-widget-wrap{justify-content:center;}.elementor-837 .elementor-element.elementor-element-2457576:not(.elementor-motion-effects-element-type-background) > .elementor-widget-wrap, .elementor-837 .elementor-element.elementor-element-2457576 > .elementor-widget-wrap > .elementor-motion-effects-container > .elementor-motion-effects-layer{background-color:var( --e-global-color-d0da7b1 );}.elementor-837 .elementor-element.elementor-element-2457576 > .elementor-element-populated{transition:background 0.3s, border 0.3s, border-radius 0.3s, box-shadow 0.3s;margin:0px 0px 0px 0px;--e-column-margin-right:0px;--e-column-margin-left:0px;padding:0px 0px 0px 0px;}.elementor-837 .elementor-element.elementor-element-2457576 > .elementor-element-populated > .elementor-background-overlay{transition:background 0.3s, border-radius 0.3s, opacity 0.3s;}.elementor-837 .elementor-element.elementor-element-6336bb3 .jet-listing-dynamic-link__link{align-self:center;font-size:1.1em;text-transform:uppercase;background-color:#3D3D3D;color:var( --e-global-color-secondary );padding:5px 30px 5px 30px;border-radius:50px 50px 50px 50px;flex-direction:row;}.elementor-837 .elementor-element.elementor-element-6336bb3 .jet-listing-dynamic-link__link:hover{background-color:var( --e-global-color-36afb6d2 );}.elementor-837 .elementor-element.elementor-element-6336bb3 .jet-listing-dynamic-link__icon{order:1;}@media(max-width:1024px){.elementor-837 .elementor-element.elementor-element-0bedc2c > .elementor-element-populated{padding:15px 15px 15px 15px;}.elementor-837 .elementor-element.elementor-element-dd52ba3 > .elementor-widget-container{margin:5px 0px -10px 0px;}.elementor-837 .elementor-element.elementor-element-0c0bf58 .elementor-divider-separator{width:70px;}.elementor-837 .elementor-element.elementor-element-0c0bf58 > .elementor-widget-container{margin:10px 0px 10px 0px;}.elementor-837 .elementor-element.elementor-element-6336bb3 .jet-listing-dynamic-link__link{font-size:1.1em;}}@media(min-width:768px){.elementor-837 .elementor-element.elementor-element-267d05e{width:25%;}.elementor-837 .elementor-element.elementor-element-0bedc2c{width:41.332%;}.elementor-837 .elementor-element.elementor-element-2457576{width:33%;}}@media(max-width:767px){.elementor-837 .elementor-element.elementor-element-267d05e{width:100%;}.elementor-837 .elementor-element.elementor-element-a9d4380{--spacer-size:175px;}.elementor-837 .elementor-element.elementor-element-0bedc2c{width:100%;}.elementor-837 .elementor-element.elementor-element-0bedc2c > .elementor-element-populated{margin:0px 0px 0px 0px;--e-column-margin-right:0px;--e-column-margin-left:0px;}.elementor-837 .elementor-element.elementor-element-24628d4 > .elementor-widget-container{margin:5px 0px 0px 0px;}.elementor-837 .elementor-element.elementor-element-dd52ba3 > .elementor-widget-container{margin:5px 0px 0px 0px;}.elementor-837 .elementor-element.elementor-element-0c0bf58 .elementor-divider-separator{width:75px;}.elementor-837 .elementor-element.elementor-element-0c0bf58 > .elementor-widget-container{margin:10px 0px 5px 0px;}.elementor-837 .elementor-element.elementor-element-2457576{width:100%;}.elementor-837 .elementor-element.elementor-element-6336bb3 .jet-listing-dynamic-link__link{font-size:1.1em;}.elementor-837 .elementor-element.elementor-element-6336bb3 > .elementor-widget-container{padding:30px 0px 30px 0px;}}<\/style><div class=\"jet-listing-grid__item jet-listing-dynamic-post-1024\" data-post-id=\"1024\" ><style type=\"text\/css\">.jet-listing-dynamic-post-1024 .elementor-element.elementor-element-267d05e:not(.elementor-motion-effects-element-type-background) > .elementor-widget-wrap, .jet-listing-dynamic-post-1024 .elementor-element.elementor-element-267d05e > .elementor-widget-wrap > .elementor-motion-effects-container > .elementor-motion-effects-layer{background-image:url(\"https:\/\/cepas.qc.ca\/boutique\/wp-content\/uploads\/2020\/10\/Boutique_CEPAS_filtre-26-sur-29.png\");}<\/style>\t\t<div data-elementor-type=\"jet-listing-items\" data-elementor-id=\"837\" class=\"elementor elementor-837\" data-elementor-post-type=\"jet-engine\">\n\t\t\t\t\t\t<section class=\"elementor-section elementor-top-section elementor-element elementor-element-bc4ad2c elementor-section-boxed elementor-section-height-default elementor-section-height-default\" data-id=\"bc4ad2c\" data-element_type=\"section\">\n\t\t\t\t\t\t<div class=\"elementor-container elementor-column-gap-no\">\n\t\t\t\t\t<div class=\"elementor-column elementor-col-33 elementor-top-column elementor-element elementor-element-267d05e\" data-id=\"267d05e\" data-element_type=\"column\" data-settings=\"{&quot;background_background&quot;:&quot;classic&quot;}\">\n\t\t\t<div class=\"elementor-widget-wrap elementor-element-populated\">\n\t\t\t\t\t\t<div class=\"elementor-element elementor-element-a9d4380 elementor-widget elementor-widget-spacer\" data-id=\"a9d4380\" data-element_type=\"widget\" data-widget_type=\"spacer.default\">\n\t\t\t\t<div class=\"elementor-widget-container\">\n\t\t\t\t\t<div class=\"elementor-spacer\">\n\t\t\t<div class=\"elementor-spacer-inner\"><\/div>\n\t\t<\/div>\n\t\t\t\t<\/div>\n\t\t\t\t<\/div>\n\t\t\t\t\t<\/div>\n\t\t<\/div>\n\t\t\t\t<div class=\"elementor-column elementor-col-33 elementor-top-column elementor-element elementor-element-0bedc2c\" data-id=\"0bedc2c\" data-element_type=\"column\" data-settings=\"{&quot;background_background&quot;:&quot;classic&quot;}\">\n\t\t\t<div class=\"elementor-widget-wrap elementor-element-populated\">\n\t\t\t\t\t\t<div class=\"elementor-element elementor-element-24628d4 elementor-widget elementor-widget-heading\" data-id=\"24628d4\" data-element_type=\"widget\" data-widget_type=\"heading.default\">\n\t\t\t\t<div class=\"elementor-widget-container\">\n\t\t\t<h2 class=\"elementor-heading-title elementor-size-default\">Affichez vos couleurs, affichez votre soutien!<\/h2>\t\t<\/div>\n\t\t\t\t<\/div>\n\t\t\t\t<div class=\"elementor-element elementor-element-dd52ba3 elementor-widget elementor-widget-text-editor\" data-id=\"dd52ba3\" data-element_type=\"widget\" data-widget_type=\"text-editor.default\">\n\t\t\t\t<div class=\"elementor-widget-container\">\n\t\t\t\t\t\t\tV\u00eatements et accessoires\t\t\t\t\t\t<\/div>\n\t\t\t\t<\/div>\n\t\t\t\t<div class=\"elementor-element elementor-element-3469d5b elementor-widget elementor-widget-text-editor\" data-id=\"3469d5b\" data-element_type=\"widget\" data-widget_type=\"text-editor.default\">\n\t\t\t\t<div class=\"elementor-widget-container\">\n\t\t\t\t\t\t\tOriginaux, pratiques et d\u2019une grande qualit\u00e9 : Les produits d\u00e9riv\u00e9s officiels du Centre \u00e9cologique de Port-au-Saumon c\u2019est une partie de VOTRE centre, un lien direct \u00e0 cet espace naturel incroyable, v\u00e9ritable tr\u00e9sor de Charlevoix.\r\n\r\nVos achats soutiennent les programmes de conservation et efforts d\u2019\u00e9ducation du C\u00c9PAS.\t\t\t\t\t\t<\/div>\n\t\t\t\t<\/div>\n\t\t\t\t<div class=\"elementor-element elementor-element-0c0bf58 elementor-widget-divider--view-line elementor-widget elementor-widget-divider\" data-id=\"0c0bf58\" data-element_type=\"widget\" data-widget_type=\"divider.default\">\n\t\t\t\t<div class=\"elementor-widget-container\">\n\t\t\t\t\t<div class=\"elementor-divider\">\n\t\t\t<span class=\"elementor-divider-separator\">\n\t\t\t\t\t\t<\/span>\n\t\t<\/div>\n\t\t\t\t<\/div>\n\t\t\t\t<\/div>\n\t\t\t\t\t<\/div>\n\t\t<\/div>\n\t\t\t\t<div class=\"elementor-column elementor-col-33 elementor-top-column elementor-element elementor-element-2457576\" data-id=\"2457576\" data-element_type=\"column\" data-settings=\"{&quot;background_background&quot;:&quot;classic&quot;}\">\n\t\t\t<div class=\"elementor-widget-wrap elementor-element-populated\">\n\t\t\t\t\t\t<div class=\"elementor-element elementor-element-6336bb3 elementor-widget elementor-widget-jet-listing-dynamic-link\" data-id=\"6336bb3\" data-element_type=\"widget\" data-widget_type=\"jet-listing-dynamic-link.default\">\n\t\t\t\t<div class=\"elementor-widget-container\">\n\t\t\t<div class=\"jet-listing jet-listing-dynamic-link\"><a href=\"https:\/\/cepas.qc.ca\/boutique\/produit-categorie\/vetements-et-accessoires\/\" class=\"jet-listing-dynamic-link__link\"><span class=\"jet-listing-dynamic-link__label\">Magasiner<\/span><\/a><\/div>\t\t<\/div>\n\t\t\t\t<\/div>\n\t\t\t\t\t<\/div>\n\t\t<\/div>\n\t\t\t\t\t<\/div>\n\t\t<\/section>\n\t\t\t\t<\/div>\n\t\t<\/div><div class=\"jet-listing-grid__item jet-listing-dynamic-post-1026\" data-post-id=\"1026\" ><style type=\"text\/css\">.jet-listing-dynamic-post-1026 .elementor-element.elementor-element-267d05e:not(.elementor-motion-effects-element-type-background) > .elementor-widget-wrap, .jet-listing-dynamic-post-1026 .elementor-element.elementor-element-267d05e > .elementor-widget-wrap > .elementor-motion-effects-container > .elementor-motion-effects-layer{background-image:url(\"https:\/\/cepas.qc.ca\/boutique\/wp-content\/uploads\/2020\/10\/Le-jardinier.jpg\");}<\/style>\t\t<div data-elementor-type=\"jet-listing-items\" data-elementor-id=\"837\" class=\"elementor elementor-837\" data-elementor-post-type=\"jet-engine\">\n\t\t\t\t\t\t<section class=\"elementor-section elementor-top-section elementor-element elementor-element-bc4ad2c elementor-section-boxed elementor-section-height-default elementor-section-height-default\" data-id=\"bc4ad2c\" data-element_type=\"section\">\n\t\t\t\t\t\t<div class=\"elementor-container elementor-column-gap-no\">\n\t\t\t\t\t<div class=\"elementor-column elementor-col-33 elementor-top-column elementor-element elementor-element-267d05e\" data-id=\"267d05e\" data-element_type=\"column\" data-settings=\"{&quot;background_background&quot;:&quot;classic&quot;}\">\n\t\t\t<div class=\"elementor-widget-wrap elementor-element-populated\">\n\t\t\t\t\t\t<div class=\"elementor-element elementor-element-a9d4380 elementor-widget elementor-widget-spacer\" data-id=\"a9d4380\" data-element_type=\"widget\" data-widget_type=\"spacer.default\">\n\t\t\t\t<div class=\"elementor-widget-container\">\n\t\t\t\t\t<div class=\"elementor-spacer\">\n\t\t\t<div class=\"elementor-spacer-inner\"><\/div>\n\t\t<\/div>\n\t\t\t\t<\/div>\n\t\t\t\t<\/div>\n\t\t\t\t\t<\/div>\n\t\t<\/div>\n\t\t\t\t<div class=\"elementor-column elementor-col-33 elementor-top-column elementor-element elementor-element-0bedc2c\" data-id=\"0bedc2c\" data-element_type=\"column\" data-settings=\"{&quot;background_background&quot;:&quot;classic&quot;}\">\n\t\t\t<div class=\"elementor-widget-wrap elementor-element-populated\">\n\t\t\t\t\t\t<div class=\"elementor-element elementor-element-24628d4 elementor-widget elementor-widget-heading\" data-id=\"24628d4\" data-element_type=\"widget\" data-widget_type=\"heading.default\">\n\t\t\t\t<div class=\"elementor-widget-container\">\n\t\t\t<h2 class=\"elementor-heading-title elementor-size-default\">Histoire des Jardins de Quatre-Vents<\/h2>\t\t<\/div>\n\t\t\t\t<\/div>\n\t\t\t\t<div class=\"elementor-element elementor-element-dd52ba3 elementor-widget elementor-widget-text-editor\" data-id=\"dd52ba3\" data-element_type=\"widget\" data-widget_type=\"text-editor.default\">\n\t\t\t\t<div class=\"elementor-widget-container\">\n\t\t\t\t\t\t\tLivres et DVD\t\t\t\t\t\t<\/div>\n\t\t\t\t<\/div>\n\t\t\t\t<div class=\"elementor-element elementor-element-3469d5b elementor-widget elementor-widget-text-editor\" data-id=\"3469d5b\" data-element_type=\"widget\" data-widget_type=\"text-editor.default\">\n\t\t\t\t<div class=\"elementor-widget-container\">\n\t\t\t\t\t\t\tRenseignez-vous sur l\u2019histoire et l\u2019architecture de ce majestueux domaine cr\u00e9\u00e9 par Francis H. Cabot, sur une p\u00e9riode de plus de 25 ann\u00e9es. Admirez les beaut\u00e9s des multiples jardins qui le composent gr\u00e2ce \u00e0 de magnifiques photos.\t\t\t\t\t\t<\/div>\n\t\t\t\t<\/div>\n\t\t\t\t<div class=\"elementor-element elementor-element-0c0bf58 elementor-widget-divider--view-line elementor-widget elementor-widget-divider\" data-id=\"0c0bf58\" data-element_type=\"widget\" data-widget_type=\"divider.default\">\n\t\t\t\t<div class=\"elementor-widget-container\">\n\t\t\t\t\t<div class=\"elementor-divider\">\n\t\t\t<span class=\"elementor-divider-separator\">\n\t\t\t\t\t\t<\/span>\n\t\t<\/div>\n\t\t\t\t<\/div>\n\t\t\t\t<\/div>\n\t\t\t\t\t<\/div>\n\t\t<\/div>\n\t\t\t\t<div class=\"elementor-column elementor-col-33 elementor-top-column elementor-element elementor-element-2457576\" data-id=\"2457576\" data-element_type=\"column\" data-settings=\"{&quot;background_background&quot;:&quot;classic&quot;}\">\n\t\t\t<div class=\"elementor-widget-wrap elementor-element-populated\">\n\t\t\t\t\t\t<div class=\"elementor-element elementor-element-6336bb3 elementor-widget elementor-widget-jet-listing-dynamic-link\" data-id=\"6336bb3\" data-element_type=\"widget\" data-widget_type=\"jet-listing-dynamic-link.default\">\n\t\t\t\t<div class=\"elementor-widget-container\">\n\t\t\t<div class=\"jet-listing jet-listing-dynamic-link\"><a href=\"https:\/\/cepas.qc.ca\/boutique\/produit-categorie\/livres-et-dvd\/\" class=\"jet-listing-dynamic-link__link\"><span class=\"jet-listing-dynamic-link__label\">Magasiner<\/span><\/a><\/div>\t\t<\/div>\n\t\t\t\t<\/div>\n\t\t\t\t\t<\/div>\n\t\t<\/div>\n\t\t\t\t\t<\/div>\n\t\t<\/section>\n\t\t\t\t<\/div>\n\t\t<\/div><\/div><\/div>\t\t<\/div>\n\t\t\t\t<\/div>\n\t\t\t\t\t<\/div>\n\t\t<\/div>\n\t\t\t\t\t<\/div>\n\t\t<\/section>\n\t\t\t\t<\/div>\n\t\t","protected":false},"excerpt":{"rendered":"","protected":false},"author":2,"featured_media":1977,"parent":0,"menu_order":0,"comment_status":"closed","ping_status":"closed","template":"","meta":{"footnotes":""},"_links":{"self":[{"href":"https:\/\/cepas.qc.ca\/boutique\/wp-json\/wp\/v2\/pages\/966"}],"collection":[{"href":"https:\/\/cepas.qc.ca\/boutique\/wp-json\/wp\/v2\/pages"}],"about":[{"href":"https:\/\/cepas.qc.ca\/boutique\/wp-json\/wp\/v2\/types\/page"}],"author":[{"embeddable":true,"href":"https:\/\/cepas.qc.ca\/boutique\/wp-json\/wp\/v2\/users\/2"}],"replies":[{"embeddable":true,"href":"https:\/\/cepas.qc.ca\/boutique\/wp-json\/wp\/v2\/comments?post=966"}],"version-history":[{"count":0,"href":"https:\/\/cepas.qc.ca\/boutique\/wp-json\/wp\/v2\/pages\/966\/revisions"}],"wp:featuredmedia":[{"embeddable":true,"href":"https:\/\/cepas.qc.ca\/boutique\/wp-json\/wp\/v2\/media\/1977"}],"wp:attachment":[{"href":"https:\/\/cepas.qc.ca\/boutique\/wp-json\/wp\/v2\/media?parent=966"}],"curies":[{"name":"wp","href":"https:\/\/api.w.org\/{rel}","templated":true}]}}